{"id":27522,"date":"2026-04-26T17:51:32","date_gmt":"2026-04-26T17:51:32","guid":{"rendered":"https:\/\/www.feyri.com.tr\/?post_type=product&#038;p=27522"},"modified":"2026-04-26T17:53:53","modified_gmt":"2026-04-26T17:53:53","slug":"feyri-nano-temizleyici-bambu-toz-hali-ilaci","status":"publish","type":"product","link":"https:\/\/www.feyri.com.tr\/index.php\/urun\/feyri-nano-temizleyici-bambu-toz-hali-ilaci\/","title":{"rendered":"Feyri Nano Temizleyici Bambu Toz Hal\u0131 ilac\u0131"},"content":{"rendered":"<p data-start=\"110\" data-end=\"400\">Feyri Bambu Toz Hal\u0131 \u0130lac\u0131, hal\u0131lar\u0131n\u0131zda biriken kir, toz ve inat\u00e7\u0131 lekeleri derinlemesine temizlemek i\u00e7in geli\u015ftirilmi\u015f etkili bir temizlik \u00e7\u00f6z\u00fcm\u00fcd\u00fcr. Bambu \u00f6zl\u00fc \u00f6zel form\u00fcl\u00fc sayesinde hal\u0131 liflerinin i\u00e7ine n\u00fcfuz eder, kirleri \u00e7\u00f6zer ve y\u00fczeyde kal\u0131nt\u0131 b\u0131rakmadan temiz bir g\u00f6r\u00fcn\u00fcm sa\u011flar.<\/p>\n<p data-start=\"402\" data-end=\"667\">Kuma\u015fa zarar vermeyen yap\u0131s\u0131 ile t\u00fcm hal\u0131 \u00e7e\u015fitlerinde g\u00fcvenle kullan\u0131labilir. Ayn\u0131 zamanda k\u00f6t\u00fc kokular\u0131 gidererek hal\u0131lar\u0131n\u0131za ferah ve temiz bir koku kazand\u0131r\u0131r. Pratik kullan\u0131m\u0131 sayesinde y\u00fczeye uygulan\u0131r, k\u0131sa s\u00fcre bekletilir ve s\u00fcp\u00fcr\u00fclerek kolayca temizlenir.<\/p>\n<p data-start=\"669\" data-end=\"826\">Feyri Bambu Toz Hal\u0131 \u0130lac\u0131, hem g\u00fcnl\u00fck temizlik hem de derinlemesine bak\u0131m i\u00e7in ideal olup hal\u0131lar\u0131n\u0131z\u0131n daha hijyenik ve uzun \u00f6m\u00fcrl\u00fc olmas\u0131na yard\u0131mc\u0131 olur.<\/p>\n","protected":false},"excerpt":{"rendered":"<p>Feyri Bambu Toz Hal\u0131 \u0130lac\u0131, hal\u0131lar\u0131n\u0131zda biriken kir, toz ve inat\u00e7\u0131 lekeleri derinlemesine temizlemek i\u00e7in geli\u015ftirilmi\u015f etkili bir temizlik \u00e7\u00f6z\u00fcm\u00fcd\u00fcr.<\/p>\n","protected":false},"featured_media":27531,"comment_status":"open","ping_status":"closed","template":"","meta":[],"product_brand":[],"product_cat":[81],"product_tag":[],"class_list":{"0":"post-27522","1":"product","2":"type-product","3":"status-publish","4":"has-post-thumbnail","6":"product_cat-feyrii-nano","8":"first","9":"instock","10":"sale","11":"shipping-taxable","12":"purchasable","13":"product-type-variable"},"_links":{"self":[{"href":"https:\/\/www.feyri.com.tr\/index.php\/wp-json\/wp\/v2\/product\/27522","targetHints":{"allow":["GET"]}}],"collection":[{"href":"https:\/\/www.feyri.com.tr\/index.php\/wp-json\/wp\/v2\/product"}],"about":[{"href":"https:\/\/www.feyri.com.tr\/index.php\/wp-json\/wp\/v2\/types\/product"}],"replies":[{"embeddable":true,"href":"https:\/\/www.feyri.com.tr\/index.php\/wp-json\/wp\/v2\/comments?post=27522"}],"version-history":[{"count":1,"href":"https:\/\/www.feyri.com.tr\/index.php\/wp-json\/wp\/v2\/product\/27522\/revisions"}],"predecessor-version":[{"id":27532,"href":"https:\/\/www.feyri.com.tr\/index.php\/wp-json\/wp\/v2\/product\/27522\/revisions\/27532"}],"wp:featuredmedia":[{"embeddable":true,"href":"https:\/\/www.feyri.com.tr\/index.php\/wp-json\/wp\/v2\/media\/27531"}],"wp:attachment":[{"href":"https:\/\/www.feyri.com.tr\/index.php\/wp-json\/wp\/v2\/media?parent=27522"}],"wp:term":[{"taxonomy":"product_brand","embeddable":true,"href":"https:\/\/www.feyri.com.tr\/index.php\/wp-json\/wp\/v2\/product_brand?post=27522"},{"taxonomy":"product_cat","embeddable":true,"href":"https:\/\/www.feyri.com.tr\/index.php\/wp-json\/wp\/v2\/product_cat?post=27522"},{"taxonomy":"product_tag","embeddable":true,"href":"https:\/\/www.feyri.com.tr\/index.php\/wp-json\/wp\/v2\/product_tag?post=27522"}],"curies":[{"name":"wp","href":"https:\/\/api.w.org\/{rel}","templated":true}]}}