{"id":27386,"date":"2026-04-25T16:04:08","date_gmt":"2026-04-25T16:04:08","guid":{"rendered":"https:\/\/www.feyri.com.tr\/?post_type=product&#038;p=27386"},"modified":"2026-04-25T16:08:11","modified_gmt":"2026-04-25T16:08:11","slug":"feyri-nano-temizleyici-mutfak-yuzey-temizleyici","status":"publish","type":"product","link":"https:\/\/www.feyri.com.tr\/index.php\/urun\/feyri-nano-temizleyici-mutfak-yuzey-temizleyici\/","title":{"rendered":"Feyri Nano Temizleyici Mutfak Y\u00fczey Temizleyici"},"content":{"rendered":"<p data-start=\"127\" data-end=\"402\">Feyri Mutfak Ya\u011f &amp; Kir \u00c7\u00f6z\u00fcc\u00fc, mutfakta olu\u015fan inat\u00e7\u0131 ya\u011f, kir ve lekeleri h\u0131zl\u0131 ve etkili \u015fekilde temizlemek i\u00e7in \u00f6zel olarak geli\u015ftirilmi\u015ftir. Ocak, davlumbaz, tezgah, dolap y\u00fczeyleri ve mutfak ekipmanlar\u0131nda biriken ya\u011f kal\u0131nt\u0131lar\u0131n\u0131 g\u00fc\u00e7l\u00fc form\u00fcl\u00fc sayesinde kolayca \u00e7\u00f6zer.<\/p>\n<p data-start=\"404\" data-end=\"627\">Pratik sprey formu ile y\u00fczeye kolayca uygulan\u0131r, k\u0131sa s\u00fcrede etki ederek zahmetsiz temizlik sa\u011flar. Y\u00fczeylere zarar vermeden temizlik yapar ve d\u00fczenli kullan\u0131mda mutfa\u011f\u0131n\u0131z\u0131n daha hijyenik ve parlak kalmas\u0131na yard\u0131mc\u0131 olur.<\/p>\n<p data-start=\"629\" data-end=\"764\">Feyri Mutfak Temizleyici, yo\u011fun kirli alanlarda bile etkili performans sunarak mutfakta temizlik s\u00fcrecini h\u0131zland\u0131r\u0131r ve kolayla\u015ft\u0131r\u0131r.<\/p>\n","protected":false},"excerpt":{"rendered":"<p>Feyri Mutfak Ya\u011f &amp; Kir \u00c7\u00f6z\u00fcc\u00fc, mutfakta olu\u015fan inat\u00e7\u0131 ya\u011f, kir ve lekeleri h\u0131zl\u0131 ve etkili \u015fekilde temizlemek i\u00e7in \u00f6zel<\/p>\n","protected":false},"featured_media":27395,"comment_status":"open","ping_status":"closed","template":"","meta":[],"product_brand":[],"product_cat":[81],"product_tag":[],"class_list":{"0":"post-27386","1":"product","2":"type-product","3":"status-publish","4":"has-post-thumbnail","6":"product_cat-feyrii-nano","8":"first","9":"instock","10":"sale","11":"shipping-taxable","12":"purchasable","13":"product-type-variable"},"_links":{"self":[{"href":"https:\/\/www.feyri.com.tr\/index.php\/wp-json\/wp\/v2\/product\/27386","targetHints":{"allow":["GET"]}}],"collection":[{"href":"https:\/\/www.feyri.com.tr\/index.php\/wp-json\/wp\/v2\/product"}],"about":[{"href":"https:\/\/www.feyri.com.tr\/index.php\/wp-json\/wp\/v2\/types\/product"}],"replies":[{"embeddable":true,"href":"https:\/\/www.feyri.com.tr\/index.php\/wp-json\/wp\/v2\/comments?post=27386"}],"version-history":[{"count":2,"href":"https:\/\/www.feyri.com.tr\/index.php\/wp-json\/wp\/v2\/product\/27386\/revisions"}],"predecessor-version":[{"id":27397,"href":"https:\/\/www.feyri.com.tr\/index.php\/wp-json\/wp\/v2\/product\/27386\/revisions\/27397"}],"wp:featuredmedia":[{"embeddable":true,"href":"https:\/\/www.feyri.com.tr\/index.php\/wp-json\/wp\/v2\/media\/27395"}],"wp:attachment":[{"href":"https:\/\/www.feyri.com.tr\/index.php\/wp-json\/wp\/v2\/media?parent=27386"}],"wp:term":[{"taxonomy":"product_brand","embeddable":true,"href":"https:\/\/www.feyri.com.tr\/index.php\/wp-json\/wp\/v2\/product_brand?post=27386"},{"taxonomy":"product_cat","embeddable":true,"href":"https:\/\/www.feyri.com.tr\/index.php\/wp-json\/wp\/v2\/product_cat?post=27386"},{"taxonomy":"product_tag","embeddable":true,"href":"https:\/\/www.feyri.com.tr\/index.php\/wp-json\/wp\/v2\/product_tag?post=27386"}],"curies":[{"name":"wp","href":"https:\/\/api.w.org\/{rel}","templated":true}]}}